{"id":138,"date":"2025-09-27T14:50:39","date_gmt":"2025-09-27T13:50:39","guid":{"rendered":"https:\/\/centreastronomiquevendeen.fr\/?page_id=138"},"modified":"2026-01-04T23:20:46","modified_gmt":"2026-01-04T22:20:46","slug":"rejoindre-le-cav","status":"publish","type":"page","link":"https:\/\/centreastronomiquevendeen.fr\/?page_id=138","title":{"rendered":"Rejoindre le CAV"},"content":{"rendered":"\n<h2 class=\"wp-block-heading\">\u2728<strong>Venir au CAV pour une soir\u00e9e de d\u00e9couverte du ciel<\/strong><\/h2>\n\n\n\n<p>Nous organisons r\u00e9guli\u00e8rement des soir\u00e9es publiques \u00e0 votre attention. <\/p>\n\n\n\n<p>Voir le&nbsp;<a href=\"https:\/\/centreastronomiquevendeen.fr\/?page_id=219\" data-type=\"page\" data-id=\"219\">calendrier <\/a>ou les annonces dans la presse (Ouest France, journal du Pays Yonnais, journal du <a href=\"https:\/\/centreastronomiquevendeen.fr\/?page_id=196\" data-type=\"page\" data-id=\"196\">Tablier<\/a>\u2026)<\/p>\n\n\n\n<h2 class=\"wp-block-heading\">\u200b\ud83d\udd2d<strong>Tester l&rsquo;association avant d&rsquo;adh\u00e9rer<\/strong><\/h2>\n\n\n\n<p>Vous pouvez venir \u00e0 l\u2019une des activit\u00e9s r\u00e9serv\u00e9es aux membres, hors ATELIER, cela ne vous engage en rien. <br>Merci de simplement signaler votre venue par un mail au pr\u00e9sident de l\u2019association en passant par la <a href=\"https:\/\/centreastronomiquevendeen.fr\/?page_id=208\" data-type=\"page\" data-id=\"208\">fiche Contact<\/a>.<\/p>\n\n\n\n<p>Notez bien que les vendredis \u00abCAV ouverts\u00bb sont r\u00e9serv\u00e9s aux membres et aux personnes qui souhaiteraient le devenir. Se reporter au <a href=\"https:\/\/centreastronomiquevendeen.fr\/?page_id=219\" data-type=\"page\" data-id=\"219\">Calendrier des activit\u00e9s<\/a><\/p>\n\n\n\n<h2 class=\"wp-block-heading\">\u200b\ud83e\ude90<strong>Comment devenir membre du CAV<\/strong><\/h2>\n\n\n\n<p>Apr\u00e8s une \u00e9ventuelle prise de contact et\/ou une rencontre \u00e0 l&rsquo;observatoire ou lors d&rsquo;un atelier, il suffit de remplir&nbsp;<a href=\"https:\/\/centreastronomiquevendeen.fr\/?page_id=646\" data-type=\"page\" data-id=\"138\">le bulletin d&rsquo;adh\u00e9sion<\/a> et de suivre les indications se trouvant dessus.<\/p>\n\n\n\n<p>Vous acc\u00e9dez alors aux activit\u00e9s r\u00e9serv\u00e9es aux membres (voir le&nbsp;et serez inscrit(e) sur la liste interne du CAV pour \u00eatre inform\u00e9(e) de l\u2019actualit\u00e9 de l&rsquo;association. Pour plus d&rsquo;information se rendre sur la page&nbsp;Contact.<\/p>\n\n\n\n<h4 class=\"wp-block-heading\">\u200b\ud83d\udcab<strong>Tarif d&rsquo;adh\u00e9sion<\/strong><\/h4>\n\n\n\n<ul class=\"wp-block-list\">\n<li>Cotisation annuelle tarif normal : <strong>36\u20ac<\/strong><\/li>\n\n\n\n<li>Cotisation annuelle demi-tarif pour les -18 ans, \u00e9tudiants, demandeurs d\u2019emploi : <strong>18\u20ac<\/strong><\/li>\n\n\n\n<li>Pour une inscription apr\u00e8s le 1er septembre du tarif normal : <strong>18\u20ac<\/strong><\/li>\n\n\n\n<li>Pour une inscription apr\u00e8s le 1er septembre du demi-tarif : <strong>9<\/strong>\u20ac<\/li>\n<\/ul>\n\n\n\n<p><\/p>\n","protected":false},"excerpt":{"rendered":"<p>\u2728Venir au CAV pour une soir\u00e9e de d\u00e9couverte du ciel Nous organisons r\u00e9guli\u00e8rement des soir\u00e9es publiques \u00e0 votre attention. Voir le&nbsp;calendrier ou les annonces dans la presse (Ouest France, journal du Pays Yonnais, journal du Tablier\u2026) \u200b\ud83d\udd2dTester l&rsquo;association avant d&rsquo;adh\u00e9rer Vous pouvez venir \u00e0 l\u2019une des activit\u00e9s r\u00e9serv\u00e9es aux membres, hors ATELIER, cela ne vous [&hellip;]<\/p>\n","protected":false},"author":1,"featured_media":0,"parent":0,"menu_order":0,"comment_status":"closed","ping_status":"closed","template":"","meta":{"footnotes":""},"class_list":["post-138","page","type-page","status-publish","hentry","entry"],"_links":{"self":[{"href":"https:\/\/centreastronomiquevendeen.fr\/index.php?rest_route=\/wp\/v2\/pages\/138","targetHints":{"allow":["GET"]}}],"collection":[{"href":"https:\/\/centreastronomiquevendeen.fr\/index.php?rest_route=\/wp\/v2\/pages"}],"about":[{"href":"https:\/\/centreastronomiquevendeen.fr\/index.php?rest_route=\/wp\/v2\/types\/page"}],"author":[{"embeddable":true,"href":"https:\/\/centreastronomiquevendeen.fr\/index.php?rest_route=\/wp\/v2\/users\/1"}],"replies":[{"embeddable":true,"href":"https:\/\/centreastronomiquevendeen.fr\/index.php?rest_route=%2Fwp%2Fv2%2Fcomments&post=138"}],"version-history":[{"count":19,"href":"https:\/\/centreastronomiquevendeen.fr\/index.php?rest_route=\/wp\/v2\/pages\/138\/revisions"}],"predecessor-version":[{"id":1176,"href":"https:\/\/centreastronomiquevendeen.fr\/index.php?rest_route=\/wp\/v2\/pages\/138\/revisions\/1176"}],"wp:attachment":[{"href":"https:\/\/centreastronomiquevendeen.fr\/index.php?rest_route=%2Fwp%2Fv2%2Fmedia&parent=138"}],"curies":[{"name":"wp","href":"https:\/\/api.w.org\/{rel}","templated":true}]}}