{"id":176,"date":"2025-09-27T15:46:05","date_gmt":"2025-09-27T14:46:05","guid":{"rendered":"https:\/\/centreastronomiquevendeen.fr\/?page_id=176"},"modified":"2025-09-27T20:38:02","modified_gmt":"2025-09-27T19:38:02","slug":"situation-de-notre-observatoire","status":"publish","type":"page","link":"https:\/\/centreastronomiquevendeen.fr\/?page_id=176","title":{"rendered":"Situation de l&rsquo;observatoire"},"content":{"rendered":"\n<p><a href=\"https:\/\/maps.app.goo.gl\/bziu7ht5GNtoj4aQ8\" data-type=\"link\" data-id=\"https:\/\/maps.app.goo.gl\/bziu7ht5GNtoj4aQ8\" target=\"_blank\" rel=\"noreferrer noopener\">Coordonn\u00e9es GPS<\/a><\/p>\n\n\n\n<figure class=\"wp-block-image size-large\"><img loading=\"lazy\" decoding=\"async\" width=\"1024\" height=\"626\" src=\"https:\/\/centreastronomiquevendeen.fr\/wp-content\/uploads\/2025\/09\/image-1024x626.png\" alt=\"\" class=\"wp-image-177\" srcset=\"https:\/\/centreastronomiquevendeen.fr\/wp-content\/uploads\/2025\/09\/image-1024x626.png 1024w, https:\/\/centreastronomiquevendeen.fr\/wp-content\/uploads\/2025\/09\/image-300x184.png 300w, https:\/\/centreastronomiquevendeen.fr\/wp-content\/uploads\/2025\/09\/image-768x470.png 768w, https:\/\/centreastronomiquevendeen.fr\/wp-content\/uploads\/2025\/09\/image.png 1383w\" sizes=\"auto, (max-width: 1024px) 100vw, 1024px\" \/><\/figure>\n\n\n\n<p><\/p>\n\n\n\n<p><strong>L\u2019observatoire se trouve sur la commune du&nbsp;<a href=\"https:\/\/www.letablier.fr\/\" target=\"_blank\" rel=\"noreferrer noopener\">Tablier<\/a>&nbsp;qui compte 740 habitants&nbsp;<\/strong><\/p>\n\n\n\n<p><strong>Le Tablier a obtenu en octobre 2016 le label \u201cvillage \u00e9toil\u00e9s 3 \u00e9toiles\u201d de l\u2019<a href=\"https:\/\/www.anpcen.fr\/\" target=\"_blank\" rel=\"noreferrer noopener\">Association Nationale pour la Protection du Ciel et de l\u2019Environement Nocturne<\/a>.<\/strong><\/p>\n\n\n\n<p><strong>Pour s&rsquo;y\u00a0 rendre, indiquez au GPS: Les Bourbes &#8211; 85310 Le Tablier ou suivez la carte.<\/strong><\/p>\n\n\n\n<iframe src=\"https:\/\/www.google.com\/maps\/embed?pb=!1m23!1m12!1m3!1d3537.247701148784!2d-1.3299429229624082!3d46.54676297111237!2m3!1f0!2f0!3f0!3m2!1i1024!2i768!4f13.1!4m8!3e0!4m0!4m5!1s0x480421a9d75a62b5%3A0x8a0e7ae7bf0cc332!2sL&#39;observatoire%20du%20CAV!3m2!1d46.5467525!2d-1.3273608!5e1!3m2!1sfr!2sfr!4v1759001858667!5m2!1sfr!2sfr\" width=\"800\" height=\"600\" style=\"border:0;\" allowfullscreen=\"\" loading=\"lazy\" referrerpolicy=\"no-referrer-when-downgrade\"><\/iframe>\n","protected":false},"excerpt":{"rendered":"<p>Coordonn\u00e9es GPS L\u2019observatoire se trouve sur la commune du&nbsp;Tablier&nbsp;qui compte 740 habitants&nbsp; Le Tablier a obtenu en octobre 2016 le label \u201cvillage \u00e9toil\u00e9s 3 \u00e9toiles\u201d de l\u2019Association Nationale pour la Protection du Ciel et de l\u2019Environement Nocturne. Pour s&rsquo;y\u00a0 rendre, indiquez au GPS: Les Bourbes &#8211; 85310 Le Tablier ou suivez la carte.<\/p>\n","protected":false},"author":1,"featured_media":0,"parent":0,"menu_order":0,"comment_status":"closed","ping_status":"closed","template":"","meta":{"footnotes":""},"class_list":["post-176","page","type-page","status-publish","hentry","entry"],"_links":{"self":[{"href":"https:\/\/centreastronomiquevendeen.fr\/index.php?rest_route=\/wp\/v2\/pages\/176","targetHints":{"allow":["GET"]}}],"collection":[{"href":"https:\/\/centreastronomiquevendeen.fr\/index.php?rest_route=\/wp\/v2\/pages"}],"about":[{"href":"https:\/\/centreastronomiquevendeen.fr\/index.php?rest_route=\/wp\/v2\/types\/page"}],"author":[{"embeddable":true,"href":"https:\/\/centreastronomiquevendeen.fr\/index.php?rest_route=\/wp\/v2\/users\/1"}],"replies":[{"embeddable":true,"href":"https:\/\/centreastronomiquevendeen.fr\/index.php?rest_route=%2Fwp%2Fv2%2Fcomments&post=176"}],"version-history":[{"count":9,"href":"https:\/\/centreastronomiquevendeen.fr\/index.php?rest_route=\/wp\/v2\/pages\/176\/revisions"}],"predecessor-version":[{"id":188,"href":"https:\/\/centreastronomiquevendeen.fr\/index.php?rest_route=\/wp\/v2\/pages\/176\/revisions\/188"}],"wp:attachment":[{"href":"https:\/\/centreastronomiquevendeen.fr\/index.php?rest_route=%2Fwp%2Fv2%2Fmedia&parent=176"}],"curies":[{"name":"wp","href":"https:\/\/api.w.org\/{rel}","templated":true}]}}