{"id":344,"date":"2025-09-27T23:06:11","date_gmt":"2025-09-27T22:06:11","guid":{"rendered":"https:\/\/centreastronomiquevendeen.fr\/?page_id=344"},"modified":"2026-01-29T17:17:33","modified_gmt":"2026-01-29T16:17:33","slug":"ateliers-pour-les-membres","status":"publish","type":"page","link":"https:\/\/centreastronomiquevendeen.fr\/?page_id=344","title":{"rendered":"Ateliers pour les membres"},"content":{"rendered":"\n<h2 class=\"wp-block-heading\">Initiation \u00e0 l&rsquo;astro-photographie<\/h2>\n\n\n\n<p>3 ateliers pr\u00e9vus en cette ann\u00e9e 2026<\/p>\n\n\n\n<ul class=\"wp-block-list\">\n<li>4 avril : G\u00e9n\u00e9ralit\u00e9s sur l&rsquo;astro-photographie. Pr\u00e9sentation des diff\u00e9rentes possibilit\u00e9s de faire de l&rsquo;astrophoto Certains membres du CAV parleront de leur exp\u00e9rience dans ce domaine.<\/li>\n\n\n\n<li>29 mai : atelier de manipulation des diff\u00e9rents logiciels pour le ciel profond et le plan\u00e9taire avec des images fournies (chacun devra venir avec un ordinateur sur lequel on installera un pack de logiciels gratuits : Siril, GraXpert, Starnet++ Pixinsight en version d&rsquo;essai 45 jours, Stellarium pour les cibles)<\/li>\n\n\n\n<li>1 atelier de pratique sur le terrain en montrant les diff\u00e9rences entre les diverses configurations<\/li>\n<\/ul>\n\n\n\n<h2 class=\"wp-block-heading\">Autres ateliers<\/h2>\n\n\n\n<ul class=\"wp-block-list\">\n<li>Nettoyage des miroirs primaires<\/li>\n\n\n\n<li>Collimation des Newtons<\/li>\n\n\n\n<li>Conf\u00e9rences diverses<\/li>\n<\/ul>\n\n\n\n<div class=\"alignnormal\"><div id=\"metaslider-id-347\" style=\"max-width: 700px; margin: 0 auto;\" class=\"ml-slider-3-107-0 metaslider metaslider-flex metaslider-347 ml-slider has-dots-nav ms-theme-default-base\" role=\"region\" aria-label=\"Diaporama Ateliers\" data-height=\"600\" data-width=\"700\">\n    <div id=\"metaslider_container_347\">\n        <div id=\"metaslider_347\">\n            <ul aria-live='off' class='slides'>\n                <li style=\"display: block; width: 100%;\" class=\"slide-355 ms-image \" aria-roledescription=\"slide\" data-date=\"2025-09-27 23:08:36\" data-filename=\"20220311_224452-scaled-1-700x600.jpg\" data-slide-type=\"image\"><img loading=\"lazy\" decoding=\"async\" src=\"https:\/\/centreastronomiquevendeen.fr\/wp-content\/uploads\/2025\/09\/20220311_224452-scaled-1-700x600.jpg\" height=\"600\" width=\"700\" alt=\"\" class=\"slider-347 slide-355 msDefaultImage\" title=\"20220311_224452-scaled\" \/><\/li>\n                <li style=\"display: none; width: 100%;\" class=\"slide-356 ms-image \" aria-roledescription=\"slide\" data-date=\"2025-09-27 23:08:36\" data-filename=\"20220311_221848-scaled-1-700x600.jpg\" data-slide-type=\"image\"><img loading=\"lazy\" decoding=\"async\" src=\"https:\/\/centreastronomiquevendeen.fr\/wp-content\/uploads\/2025\/09\/20220311_221848-scaled-1-700x600.jpg\" height=\"600\" width=\"700\" alt=\"\" class=\"slider-347 slide-356 msDefaultImage\" title=\"20220311_221848-scaled\" \/><\/li>\n                <li style=\"display: none; width: 100%;\" class=\"slide-357 ms-image \" aria-roledescription=\"slide\" data-date=\"2025-09-27 23:08:36\" data-filename=\"20220311_222711-1152x1536-1-700x600.jpg\" data-slide-type=\"image\"><img loading=\"lazy\" decoding=\"async\" src=\"https:\/\/centreastronomiquevendeen.fr\/wp-content\/uploads\/2025\/09\/20220311_222711-1152x1536-1-700x600.jpg\" height=\"600\" width=\"700\" alt=\"\" class=\"slider-347 slide-357 msDefaultImage\" title=\"20220311_222711-1152x1536\" \/><\/li>\n                <li style=\"display: none; width: 100%;\" class=\"slide-358 ms-image \" aria-roledescription=\"slide\" data-date=\"2025-09-27 23:08:36\" data-filename=\"20220311_221123-scaled-1-700x600.jpg\" data-slide-type=\"image\"><img loading=\"lazy\" decoding=\"async\" src=\"https:\/\/centreastronomiquevendeen.fr\/wp-content\/uploads\/2025\/09\/20220311_221123-scaled-1-700x600.jpg\" height=\"600\" width=\"700\" alt=\"\" class=\"slider-347 slide-358 msDefaultImage\" title=\"20220311_221123-scaled\" \/><\/li>\n                <li style=\"display: none; width: 100%;\" class=\"slide-359 ms-image \" aria-roledescription=\"slide\" data-date=\"2025-09-27 23:08:36\" data-filename=\"20220311_211116-scaled-1-700x600.jpg\" data-slide-type=\"image\"><img loading=\"lazy\" decoding=\"async\" src=\"https:\/\/centreastronomiquevendeen.fr\/wp-content\/uploads\/2025\/09\/20220311_211116-scaled-1-700x600.jpg\" height=\"600\" width=\"700\" alt=\"\" class=\"slider-347 slide-359 msDefaultImage\" title=\"20220311_211116-scaled\" \/><\/li>\n                <li style=\"display: none; width: 100%;\" class=\"slide-360 ms-image \" aria-roledescription=\"slide\" data-date=\"2025-09-27 23:08:36\" data-filename=\"20220311_211429-scaled-1-700x600.jpg\" data-slide-type=\"image\"><img loading=\"lazy\" decoding=\"async\" src=\"https:\/\/centreastronomiquevendeen.fr\/wp-content\/uploads\/2025\/09\/20220311_211429-scaled-1-700x600.jpg\" height=\"600\" width=\"700\" alt=\"\" class=\"slider-347 slide-360 msDefaultImage\" title=\"20220311_211429-scaled\" \/><\/li>\n                <li style=\"display: none; width: 100%;\" class=\"slide-361 ms-image \" aria-roledescription=\"slide\" data-date=\"2025-09-27 23:08:36\" data-filename=\"20220311_211152-scaled-1-700x600.jpg\" data-slide-type=\"image\"><img loading=\"lazy\" decoding=\"async\" src=\"https:\/\/centreastronomiquevendeen.fr\/wp-content\/uploads\/2025\/09\/20220311_211152-scaled-1-700x600.jpg\" height=\"600\" width=\"700\" alt=\"\" class=\"slider-347 slide-361 msDefaultImage\" title=\"20220311_211152-scaled\" \/><\/li>\n            <\/ul>\n        <\/div>\n        \n    <\/div>\n<\/div><\/div>\n","protected":false},"excerpt":{"rendered":"<p>Initiation \u00e0 l&rsquo;astro-photographie 3 ateliers pr\u00e9vus en cette ann\u00e9e 2026 Autres ateliers<\/p>\n","protected":false},"author":1,"featured_media":0,"parent":0,"menu_order":0,"comment_status":"closed","ping_status":"closed","template":"","meta":{"footnotes":""},"class_list":["post-344","page","type-page","status-publish","hentry","entry"],"_links":{"self":[{"href":"https:\/\/centreastronomiquevendeen.fr\/index.php?rest_route=\/wp\/v2\/pages\/344","targetHints":{"allow":["GET"]}}],"collection":[{"href":"https:\/\/centreastronomiquevendeen.fr\/index.php?rest_route=\/wp\/v2\/pages"}],"about":[{"href":"https:\/\/centreastronomiquevendeen.fr\/index.php?rest_route=\/wp\/v2\/types\/page"}],"author":[{"embeddable":true,"href":"https:\/\/centreastronomiquevendeen.fr\/index.php?rest_route=\/wp\/v2\/users\/1"}],"replies":[{"embeddable":true,"href":"https:\/\/centreastronomiquevendeen.fr\/index.php?rest_route=%2Fwp%2Fv2%2Fcomments&post=344"}],"version-history":[{"count":4,"href":"https:\/\/centreastronomiquevendeen.fr\/index.php?rest_route=\/wp\/v2\/pages\/344\/revisions"}],"predecessor-version":[{"id":1227,"href":"https:\/\/centreastronomiquevendeen.fr\/index.php?rest_route=\/wp\/v2\/pages\/344\/revisions\/1227"}],"wp:attachment":[{"href":"https:\/\/centreastronomiquevendeen.fr\/index.php?rest_route=%2Fwp%2Fv2%2Fmedia&parent=344"}],"curies":[{"name":"wp","href":"https:\/\/api.w.org\/{rel}","templated":true}]}}