{"id":589,"date":"2025-09-28T10:24:02","date_gmt":"2025-09-28T09:24:02","guid":{"rendered":"https:\/\/centreastronomiquevendeen.fr\/?page_id=589"},"modified":"2025-10-11T17:20:05","modified_gmt":"2025-10-11T16:20:05","slug":"telescope-600mm","status":"publish","type":"page","link":"https:\/\/centreastronomiquevendeen.fr\/?page_id=589","title":{"rendered":"T\u00e9lescope 600mm"},"content":{"rendered":"\n<h2 class=\"wp-block-heading\">\ud83d\udd2d Gen\u00e8se du projet<\/h2>\n\n\n\n<p>En juin 2011 nous recevons en don de Jean-Jacques Poupeau, un tube pour optique Newton avec sa monture \u00e0 fourche. L\u2019ensemble peut recevoir une optique de \u00d8400 \u00e0 450mm. Nous envisageons de l\u2019installer dans notre \u201cpetite\u201d coupole de 3,5m et commen\u00e7ons&nbsp; \u00e0 provisionner pour l\u2019achat des optiques. L\u2019enthousiasme initial a fini par laisser place \u00e0 la difficile r\u00e9alit\u00e9 d\u2019installer cette belle m\u00e9canique \u00e0 l\u2019\u00e9tage d\u2019une coupole n\u2019ayant pour acc\u00e8s que le cimier et un escalier \u00e9troit.<\/p>\n\n\n\n<p>\u200bEntre temps, plusieurs membres sont all\u00e9s profiter des t\u00e9lescopes T800 et T1000 de&nbsp;<a href=\"http:\/\/www.stellarzac.com\/\" target=\"_blank\" rel=\"noreferrer noopener\">Stellarzac<\/a>&nbsp;et ceci ne fut pas sans cons\u00e9quence. Ils en sont revenus en parlant de couleur et de d\u00e9tails l\u00e0 o\u00f9 auparavant on d\u00e9crivait un objet avec des commentaires succincts. Sans trop s\u2019en rendre compte, nous \u00e9tions contamin\u00e9 par l\u2019envie d\u2019\u00eatre encore plus ambitieux sur le diam\u00e8tre. Par ailleurs, l\u2019exp\u00e9rience des difficult\u00e9s \u00e0 lutter contre la turbulence du Cassegrain 400 de notre grande coupole nous am\u00e8ne \u00e0 pr\u00e9f\u00e9rer un t\u00e9lescope type Dobson \u00e0 l\u2019air libre. L\u2019id\u00e9e de pouvoir se d\u00e9placer sous des cieux vari\u00e9s parait un bon objectif d\u2019association pour faire des sorties entre membres. Apr\u00e8s \u00e9valuation des ressources financi\u00e8res et humaines un \u00d8 560mm semble accessible. L\u2019\u00e9talement du projet aidant les finances ont fini par permettre d\u2019envisager un T600. On part donc pour un investissement de 7 900\u20ac pour les deux miroirs et une r\u00e9alisation interne en composite.<\/p>\n\n\n\n<h2 class=\"wp-block-heading\">\u200b\ud83d\udcd0 <strong>Conception des plans<\/strong><\/h2>\n\n\n\n<p>La possibilit\u00e9 de mettre&nbsp; sur informatique les id\u00e9es au fur et \u00e0 mesure qu\u2019elle viennent, a permis de nombreux \u00e9changes. Chacun \u00e9tant \u00e0 jour des id\u00e9es des autres rapidement. La conception se fait dans l\u2019ordre du trajet optique, l\u2019anneau secondaire, puis la caisse primaire, le rocker et la base. Les dessins sont fait en fonction des moyens disponibles. L\u2019acc\u00e8s \u00e0 de la d\u00e9coupe num\u00e9rique explique les d\u00e9tails des pi\u00e8ces. Nous avons eut grande utilit\u00e9 de la scie \u00e0 ruban pour d\u00e9couper en petits tron\u00e7ons les \u00e9l\u00e9ments annulaires et de la d\u00e9fonceuse pour tous les cong\u00e9s.<\/p>\n\n\n\n<p>\u200bEn parall\u00e8le, des essais sur les composites se font et, alors que le rocker et la base ne sont pas encore finalis\u00e9s sur le dessin, on s\u2019attaque \u00e0 la r\u00e9alisation de l\u2019anneau secondaire.<\/p>\n\n\n\n<div class=\"alignnormal\"><div id=\"metaslider-id-594\" style=\"width: 100%; margin: 0 auto;\" class=\"ml-slider-3-107-0 metaslider metaslider-flex metaslider-594 ml-slider has-dots-nav has-carousel-mode ms-theme-default-base\" role=\"region\" aria-label=\"Diaporama 600\" data-height=\"400\" data-width=\"700\">\n    <div id=\"metaslider_container_594\">\n        <div id=\"metaslider_594\">\n            <ul aria-live='off' class='slides'>\n                <li style=\"display: none; width: 100%;\" class=\"slide-633 ms-image \" aria-roledescription=\"slide\" data-date=\"2025-09-28 10:36:57\" data-filename=\"D600-900d-scaled-700x400.jpg\" data-slide-type=\"image\"><img loading=\"lazy\" decoding=\"async\" src=\"https:\/\/centreastronomiquevendeen.fr\/wp-content\/uploads\/2025\/09\/D600-900d-scaled-700x400.jpg\" height=\"400\" width=\"700\" alt=\"\" class=\"slider-594 slide-633 msDefaultImage\" title=\"D600-900d\" \/><\/li>\n                <li style=\"display: none; width: 100%;\" class=\"slide-596 ms-image \" aria-roledescription=\"slide\" data-date=\"2025-09-28 10:27:15\" data-filename=\"journal2-scaled-700x400.jpg\" data-slide-type=\"image\"><img loading=\"lazy\" decoding=\"async\" src=\"https:\/\/centreastronomiquevendeen.fr\/wp-content\/uploads\/2025\/09\/journal2-scaled-700x400.jpg\" height=\"400\" width=\"700\" alt=\"\" class=\"slider-594 slide-596 msDefaultImage\" title=\"journal2\" \/><\/li>\n                <li style=\"display: none; width: 100%;\" class=\"slide-603 ms-image \" aria-roledescription=\"slide\" data-date=\"2025-09-28 10:29:57\" data-filename=\"fix-secondaire-2-700x400.jpg\" data-slide-type=\"image\"><img loading=\"lazy\" decoding=\"async\" src=\"https:\/\/centreastronomiquevendeen.fr\/wp-content\/uploads\/2025\/09\/fix-secondaire-2-700x400.jpg\" height=\"400\" width=\"700\" alt=\"\" class=\"slider-594 slide-603 msDefaultImage\" title=\"fix-secondaire-2\" \/><\/li>\n                <li style=\"display: none; width: 100%;\" class=\"slide-605 ms-image \" aria-roledescription=\"slide\" data-date=\"2025-09-28 10:29:57\" data-filename=\"D600-104e-scaled-700x400.jpg\" data-slide-type=\"image\"><img loading=\"lazy\" decoding=\"async\" src=\"https:\/\/centreastronomiquevendeen.fr\/wp-content\/uploads\/2025\/09\/D600-104e-scaled-700x400.jpg\" height=\"400\" width=\"700\" alt=\"\" class=\"slider-594 slide-605 msDefaultImage\" title=\"D600-104e\" \/><\/li>\n                <li style=\"display: none; width: 100%;\" class=\"slide-607 ms-image \" aria-roledescription=\"slide\" data-date=\"2025-09-28 10:33:35\" data-filename=\"D600-135a-700x400.jpg\" data-slide-type=\"image\"><img loading=\"lazy\" decoding=\"async\" src=\"https:\/\/centreastronomiquevendeen.fr\/wp-content\/uploads\/2025\/09\/D600-135a-700x400.jpg\" height=\"400\" width=\"700\" alt=\"\" class=\"slider-594 slide-607 msDefaultImage\" title=\"D600-135a\" \/><\/li>\n                <li style=\"display: none; width: 100%;\" class=\"slide-602 ms-image \" aria-roledescription=\"slide\" data-date=\"2025-09-28 10:29:57\" data-filename=\"V5-001-tube-N600-cage-secondaire-scaled-700x400.png\" data-slide-type=\"image\"><img loading=\"lazy\" decoding=\"async\" src=\"https:\/\/centreastronomiquevendeen.fr\/wp-content\/uploads\/2025\/09\/V5-001-tube-N600-cage-secondaire-scaled-700x400.png\" height=\"400\" width=\"700\" alt=\"\" class=\"slider-594 slide-602 msDefaultImage\" title=\"V5-001-tube-N600-cage-secondaire\" \/><\/li>\n                <li style=\"display: none; width: 100%;\" class=\"slide-604 ms-image \" aria-roledescription=\"slide\" data-date=\"2025-09-28 10:29:57\" data-filename=\"D600-037b-700x400.jpg\" data-slide-type=\"image\"><img loading=\"lazy\" decoding=\"async\" src=\"https:\/\/centreastronomiquevendeen.fr\/wp-content\/uploads\/2025\/09\/D600-037b-700x400.jpg\" height=\"400\" width=\"700\" alt=\"\" class=\"slider-594 slide-604 msDefaultImage\" title=\"D600-037b\" \/><\/li>\n                <li style=\"display: none; width: 100%;\" class=\"slide-621 ms-image \" aria-roledescription=\"slide\" data-date=\"2025-09-28 10:36:56\" data-filename=\"285948073_5452858451411985_441339311137650185_n-700x400.jpg\" data-slide-type=\"image\"><img loading=\"lazy\" decoding=\"async\" src=\"https:\/\/centreastronomiquevendeen.fr\/wp-content\/uploads\/2025\/09\/285948073_5452858451411985_441339311137650185_n-700x400.jpg\" height=\"400\" width=\"700\" alt=\"\" class=\"slider-594 slide-621 msDefaultImage\" title=\"285948073_5452858451411985_441339311137650185_n\" \/><\/li>\n                <li style=\"display: none; width: 100%;\" class=\"slide-622 ms-image \" aria-roledescription=\"slide\" data-date=\"2025-09-28 10:36:56\" data-filename=\"286548384_697344038228212_3651780144201131649_n-700x400.jpg\" data-slide-type=\"image\"><img loading=\"lazy\" decoding=\"async\" src=\"https:\/\/centreastronomiquevendeen.fr\/wp-content\/uploads\/2025\/09\/286548384_697344038228212_3651780144201131649_n-700x400.jpg\" height=\"400\" width=\"700\" alt=\"\" class=\"slider-594 slide-622 msDefaultImage\" title=\"286548384_697344038228212_3651780144201131649_n\" \/><\/li>\n                <li style=\"display: none; width: 100%;\" class=\"slide-623 ms-image \" aria-roledescription=\"slide\" data-date=\"2025-09-28 10:36:56\" data-filename=\"286227920_818741165772359_7709233275955726145_n-700x400.jpg\" data-slide-type=\"image\"><img loading=\"lazy\" decoding=\"async\" src=\"https:\/\/centreastronomiquevendeen.fr\/wp-content\/uploads\/2025\/09\/286227920_818741165772359_7709233275955726145_n-700x400.jpg\" height=\"400\" width=\"700\" alt=\"\" class=\"slider-594 slide-623 msDefaultImage\" title=\"286227920_818741165772359_7709233275955726145_n\" \/><\/li>\n                <li style=\"display: none; width: 100%;\" class=\"slide-624 ms-image \" aria-roledescription=\"slide\" data-date=\"2025-09-28 10:36:56\" data-filename=\"285848802_736154824175865_1793737902324194996_n-700x400.jpg\" data-slide-type=\"image\"><img loading=\"lazy\" decoding=\"async\" src=\"https:\/\/centreastronomiquevendeen.fr\/wp-content\/uploads\/2025\/09\/285848802_736154824175865_1793737902324194996_n-700x400.jpg\" height=\"400\" width=\"700\" alt=\"\" class=\"slider-594 slide-624 msDefaultImage\" title=\"285848802_736154824175865_1793737902324194996_n\" \/><\/li>\n                <li style=\"display: none; width: 100%;\" class=\"slide-625 ms-image \" aria-roledescription=\"slide\" data-date=\"2025-09-28 10:36:57\" data-filename=\"285639152_315762517399513_8487578567949745912_n-700x400.jpg\" data-slide-type=\"image\"><img loading=\"lazy\" decoding=\"async\" src=\"https:\/\/centreastronomiquevendeen.fr\/wp-content\/uploads\/2025\/09\/285639152_315762517399513_8487578567949745912_n-700x400.jpg\" height=\"400\" width=\"700\" alt=\"\" class=\"slider-594 slide-625 msDefaultImage\" title=\"285639152_315762517399513_8487578567949745912_n\" \/><\/li>\n                <li style=\"display: none; width: 100%;\" class=\"slide-626 ms-image \" aria-roledescription=\"slide\" data-date=\"2025-09-28 10:36:57\" data-filename=\"285782416_2998599203734113_5440122401108786195_n-700x400.jpg\" data-slide-type=\"image\"><img loading=\"lazy\" decoding=\"async\" src=\"https:\/\/centreastronomiquevendeen.fr\/wp-content\/uploads\/2025\/09\/285782416_2998599203734113_5440122401108786195_n-700x400.jpg\" height=\"400\" width=\"700\" alt=\"\" class=\"slider-594 slide-626 msDefaultImage\" title=\"285782416_2998599203734113_5440122401108786195_n\" \/><\/li>\n                <li style=\"display: none; width: 100%;\" class=\"slide-627 ms-image \" aria-roledescription=\"slide\" data-date=\"2025-09-28 10:36:57\" data-filename=\"285565272_393322549432342_5433080058431085067_n-700x400.jpg\" data-slide-type=\"image\"><img loading=\"lazy\" decoding=\"async\" src=\"https:\/\/centreastronomiquevendeen.fr\/wp-content\/uploads\/2025\/09\/285565272_393322549432342_5433080058431085067_n-700x400.jpg\" height=\"400\" width=\"700\" alt=\"\" class=\"slider-594 slide-627 msDefaultImage\" title=\"285565272_393322549432342_5433080058431085067_n\" \/><\/li>\n                <li style=\"display: none; width: 100%;\" class=\"slide-628 ms-image \" aria-roledescription=\"slide\" data-date=\"2025-09-28 10:36:57\" data-filename=\"285667779_1105876519991542_8632810191689858113_n-700x400.jpg\" data-slide-type=\"image\"><img loading=\"lazy\" decoding=\"async\" src=\"https:\/\/centreastronomiquevendeen.fr\/wp-content\/uploads\/2025\/09\/285667779_1105876519991542_8632810191689858113_n-700x400.jpg\" height=\"400\" width=\"700\" alt=\"\" class=\"slider-594 slide-628 msDefaultImage\" title=\"285667779_1105876519991542_8632810191689858113_n\" \/><\/li>\n                <li style=\"display: none; width: 100%;\" class=\"slide-629 ms-image \" aria-roledescription=\"slide\" data-date=\"2025-09-28 10:36:57\" data-filename=\"285699108_536307161508513_8653928620470092716_n-700x400.jpg\" data-slide-type=\"image\"><img loading=\"lazy\" decoding=\"async\" src=\"https:\/\/centreastronomiquevendeen.fr\/wp-content\/uploads\/2025\/09\/285699108_536307161508513_8653928620470092716_n-700x400.jpg\" height=\"400\" width=\"700\" alt=\"\" class=\"slider-594 slide-629 msDefaultImage\" title=\"285699108_536307161508513_8653928620470092716_n\" \/><\/li>\n                <li style=\"display: none; width: 100%;\" class=\"slide-630 ms-image \" aria-roledescription=\"slide\" data-date=\"2025-09-28 10:36:57\" data-filename=\"284902520_831907078212782_666208698161801519_n-700x400.jpg\" data-slide-type=\"image\"><img loading=\"lazy\" decoding=\"async\" src=\"https:\/\/centreastronomiquevendeen.fr\/wp-content\/uploads\/2025\/09\/284902520_831907078212782_666208698161801519_n-700x400.jpg\" height=\"400\" width=\"700\" alt=\"\" class=\"slider-594 slide-630 msDefaultImage\" title=\"284902520_831907078212782_666208698161801519_n\" \/><\/li>\n                <li style=\"display: none; width: 100%;\" class=\"slide-632 ms-image \" aria-roledescription=\"slide\" data-date=\"2025-09-28 10:36:57\" data-filename=\"observation6-700x400.jpg\" data-slide-type=\"image\"><img loading=\"lazy\" decoding=\"async\" src=\"https:\/\/centreastronomiquevendeen.fr\/wp-content\/uploads\/2025\/09\/observation6-700x400.jpg\" height=\"400\" width=\"700\" alt=\"\" class=\"slider-594 slide-632 msDefaultImage\" title=\"observation6\" \/><\/li>\n            <\/ul>\n        <\/div>\n        \n    <\/div>\n<\/div><\/div>\n\n\n\n<h2 class=\"wp-block-heading\">Le 600mm a \u00e9t\u00e9 motoris\u00e9 en 2025 avec un Teen-Astro (Merci Jean D)<\/h2>\n\n\n\n<div class=\"alignnormal\"><div id=\"metaslider-id-881\" style=\"max-width: 800px; margin: 0 auto;\" class=\"ml-slider-3-107-0 metaslider metaslider-flex metaslider-881 ml-slider has-dots-nav ms-theme-default-base\" role=\"region\" aria-label=\"Diaporama 600\" data-height=\"800\" data-width=\"800\">\n    <div id=\"metaslider_container_881\">\n        <div id=\"metaslider_881\">\n            <ul aria-live='off' class='slides'>\n                <li style=\"display: block; width: 100%;\" class=\"slide-884 ms-image \" aria-roledescription=\"slide\" data-date=\"2025-10-05 02:50:19\" data-filename=\"Mosaique_lunaire_3_panneaux_8b-800x800.jpg\" data-slide-type=\"image\"><img loading=\"lazy\" decoding=\"async\" src=\"https:\/\/centreastronomiquevendeen.fr\/wp-content\/uploads\/2025\/10\/Mosaique_lunaire_3_panneaux_8b-800x800.jpg\" height=\"800\" width=\"800\" alt=\"\" class=\"slider-881 slide-884 msDefaultImage\" title=\"Mosaique_lunaire_3_panneaux_8b\" \/><div class=\"caption-wrap\"><div class=\"caption\"><div>Lune au 600mm en 3 panneaux<\/div><\/div><\/div><\/li>\n                <li style=\"display: none; width: 100%;\" class=\"slide-885 ms-image \" aria-roledescription=\"slide\" data-date=\"2025-10-05 02:50:45\" data-filename=\"M27-500ms-800x800.jpg\" data-slide-type=\"image\"><img loading=\"lazy\" decoding=\"async\" src=\"https:\/\/centreastronomiquevendeen.fr\/wp-content\/uploads\/2025\/10\/M27-500ms-800x800.jpg\" height=\"800\" width=\"800\" alt=\"\" class=\"slider-881 slide-885 msDefaultImage\" title=\"M27 500ms\" \/><div class=\"caption-wrap\"><div class=\"caption\"><div>M27 captur\u00e9e au 600mm en 6mn (poses de 500ms)<\/div><\/div><\/div><\/li>\n            <\/ul>\n        <\/div>\n        \n    <\/div>\n<\/div><\/div>\n","protected":false},"excerpt":{"rendered":"<p>\ud83d\udd2d Gen\u00e8se du projet En juin 2011 nous recevons en don de Jean-Jacques Poupeau, un tube pour optique Newton avec sa monture \u00e0 fourche. L\u2019ensemble peut recevoir une optique de \u00d8400 \u00e0 450mm. Nous envisageons de l\u2019installer dans notre \u201cpetite\u201d coupole de 3,5m et commen\u00e7ons&nbsp; \u00e0 provisionner pour l\u2019achat des optiques. L\u2019enthousiasme initial a fini [&hellip;]<\/p>\n","protected":false},"author":1,"featured_media":0,"parent":0,"menu_order":0,"comment_status":"closed","ping_status":"closed","template":"","meta":{"footnotes":""},"class_list":["post-589","page","type-page","status-publish","hentry","entry"],"_links":{"self":[{"href":"https:\/\/centreastronomiquevendeen.fr\/index.php?rest_route=\/wp\/v2\/pages\/589","targetHints":{"allow":["GET"]}}],"collection":[{"href":"https:\/\/centreastronomiquevendeen.fr\/index.php?rest_route=\/wp\/v2\/pages"}],"about":[{"href":"https:\/\/centreastronomiquevendeen.fr\/index.php?rest_route=\/wp\/v2\/types\/page"}],"author":[{"embeddable":true,"href":"https:\/\/centreastronomiquevendeen.fr\/index.php?rest_route=\/wp\/v2\/users\/1"}],"replies":[{"embeddable":true,"href":"https:\/\/centreastronomiquevendeen.fr\/index.php?rest_route=%2Fwp%2Fv2%2Fcomments&post=589"}],"version-history":[{"count":14,"href":"https:\/\/centreastronomiquevendeen.fr\/index.php?rest_route=\/wp\/v2\/pages\/589\/revisions"}],"predecessor-version":[{"id":1053,"href":"https:\/\/centreastronomiquevendeen.fr\/index.php?rest_route=\/wp\/v2\/pages\/589\/revisions\/1053"}],"wp:attachment":[{"href":"https:\/\/centreastronomiquevendeen.fr\/index.php?rest_route=%2Fwp%2Fv2%2Fmedia&parent=589"}],"curies":[{"name":"wp","href":"https:\/\/api.w.org\/{rel}","templated":true}]}}