{"id":892,"date":"2025-10-05T03:02:57","date_gmt":"2025-10-05T02:02:57","guid":{"rendered":"https:\/\/centreastronomiquevendeen.fr\/?page_id=892"},"modified":"2025-10-11T17:29:32","modified_gmt":"2025-10-11T16:29:32","slug":"prestations-exterieures","status":"publish","type":"page","link":"https:\/\/centreastronomiquevendeen.fr\/?page_id=892","title":{"rendered":"Prestations ext\u00e9rieures"},"content":{"rendered":"\n<h2 class=\"wp-block-heading\">\ud83d\udcb0 Nous proposons des animations (payantes )<\/h2>\n\n\n\n<p>Les personnes int\u00e9ress\u00e9es peuvent assister \u00e0 des mini-conf\u00e9rences puis observer dans les divers instruments apport\u00e9s par les membres b\u00e9n\u00e9voles du CAV.<br>Ici, animation en aout 2025 \u00e0 Saint-Hilaire-de-Riez.<\/p>\n\n\n\n<h2 class=\"wp-block-heading\">\ud83d\udcc5 R\u00e9servations en utilisant la page <a href=\"https:\/\/centreastronomiquevendeen.fr\/?page_id=208\" data-type=\"page\" data-id=\"208\">Contact<\/a><\/h2>\n\n\n\n<div class=\"alignnormal\"><div id=\"metaslider-id-894\" style=\"max-width: 700px; margin: 0 auto;\" class=\"ml-slider-3-107-0 metaslider metaslider-flex metaslider-894 ml-slider has-dots-nav ms-theme-default-base\" role=\"region\" aria-label=\"Diaporama animations\" data-height=\"700\" data-width=\"700\">\n    <div id=\"metaslider_container_894\">\n        <div id=\"metaslider_894\">\n            <ul aria-live='off' class='slides'>\n                <li style=\"display: block; width: 100%;\" class=\"slide-900 ms-image \" aria-roledescription=\"slide\" data-date=\"2025-10-05 03:04:17\" data-filename=\"st-hilaire-1-scaled-700x700.jpg\" data-slide-type=\"image\"><img loading=\"lazy\" decoding=\"async\" src=\"https:\/\/centreastronomiquevendeen.fr\/wp-content\/uploads\/2025\/10\/st-hilaire-1-scaled-700x700.jpg\" height=\"700\" width=\"700\" alt=\"\" class=\"slider-894 slide-900 msDefaultImage\" title=\"st hilaire 1\" \/><\/li>\n                <li style=\"display: none; width: 100%;\" class=\"slide-899 ms-image \" aria-roledescription=\"slide\" data-date=\"2025-10-05 03:04:17\" data-filename=\"st-hilaire-2-scaled-700x700.jpg\" data-slide-type=\"image\"><img loading=\"lazy\" decoding=\"async\" src=\"https:\/\/centreastronomiquevendeen.fr\/wp-content\/uploads\/2025\/10\/st-hilaire-2-scaled-700x700.jpg\" height=\"700\" width=\"700\" alt=\"\" class=\"slider-894 slide-899 msDefaultImage\" title=\"st hilaire 2\" \/><\/li>\n                <li style=\"display: none; width: 100%;\" class=\"slide-898 ms-image \" aria-roledescription=\"slide\" data-date=\"2025-10-05 03:04:17\" data-filename=\"st-hilaire-3-scaled-700x700.jpg\" data-slide-type=\"image\"><img loading=\"lazy\" decoding=\"async\" src=\"https:\/\/centreastronomiquevendeen.fr\/wp-content\/uploads\/2025\/10\/st-hilaire-3-scaled-700x700.jpg\" height=\"700\" width=\"700\" alt=\"\" class=\"slider-894 slide-898 msDefaultImage\" title=\"st hilaire 3\" \/><\/li>\n            <\/ul>\n        <\/div>\n        \n    <\/div>\n<\/div><\/div>\n\n\n\n<p><\/p>\n","protected":false},"excerpt":{"rendered":"<p>\ud83d\udcb0 Nous proposons des animations (payantes ) Les personnes int\u00e9ress\u00e9es peuvent assister \u00e0 des mini-conf\u00e9rences puis observer dans les divers instruments apport\u00e9s par les membres b\u00e9n\u00e9voles du CAV.Ici, animation en aout 2025 \u00e0 Saint-Hilaire-de-Riez. \ud83d\udcc5 R\u00e9servations en utilisant la page Contact<\/p>\n","protected":false},"author":1,"featured_media":0,"parent":0,"menu_order":0,"comment_status":"closed","ping_status":"closed","template":"","meta":{"footnotes":""},"class_list":["post-892","page","type-page","status-publish","hentry","entry"],"_links":{"self":[{"href":"https:\/\/centreastronomiquevendeen.fr\/index.php?rest_route=\/wp\/v2\/pages\/892","targetHints":{"allow":["GET"]}}],"collection":[{"href":"https:\/\/centreastronomiquevendeen.fr\/index.php?rest_route=\/wp\/v2\/pages"}],"about":[{"href":"https:\/\/centreastronomiquevendeen.fr\/index.php?rest_route=\/wp\/v2\/types\/page"}],"author":[{"embeddable":true,"href":"https:\/\/centreastronomiquevendeen.fr\/index.php?rest_route=\/wp\/v2\/users\/1"}],"replies":[{"embeddable":true,"href":"https:\/\/centreastronomiquevendeen.fr\/index.php?rest_route=%2Fwp%2Fv2%2Fcomments&post=892"}],"version-history":[{"count":10,"href":"https:\/\/centreastronomiquevendeen.fr\/index.php?rest_route=\/wp\/v2\/pages\/892\/revisions"}],"predecessor-version":[{"id":1063,"href":"https:\/\/centreastronomiquevendeen.fr\/index.php?rest_route=\/wp\/v2\/pages\/892\/revisions\/1063"}],"wp:attachment":[{"href":"https:\/\/centreastronomiquevendeen.fr\/index.php?rest_route=%2Fwp%2Fv2%2Fmedia&parent=892"}],"curies":[{"name":"wp","href":"https:\/\/api.w.org\/{rel}","templated":true}]}}